{"id":69,"date":"2025-05-20T09:34:18","date_gmt":"2025-05-20T07:34:18","guid":{"rendered":"https:\/\/xuntaptxas.uvigo.gal\/?page_id=69"},"modified":"2026-01-19T11:33:02","modified_gmt":"2026-01-19T10:33:02","slug":"acordos","status":"publish","type":"page","link":"https:\/\/xuntaptxas.uvigo.gal\/?page_id=69","title":{"rendered":"Acordos Xerencia"},"content":{"rendered":"\n<figure class=\"wp-block-table is-style-stripes\"><table class=\"has-fixed-layout\"><tbody><tr><td><br><br><a href=\"https:\/\/xuntaptxas.uvigo.gal\/wp-content\/uploads\/2025\/05\/Acordo-de-funcionarizacion-05.07.21_dilixencia_publicacion.pdf\" data-type=\"attachment\" data-id=\"70\" target=\"_blank\" rel=\"noreferrer noopener\">Acordo de Funcionarizaci\u00f3n<\/a><\/td><\/tr><tr><td><a href=\"https:\/\/xuntaptxas.uvigo.gal\/wp-content\/uploads\/2025\/05\/Acordo-baremo-sistemas-selectivos-prazas-estabilizacion_asinado.pdf\" data-type=\"attachment\" data-id=\"114\" target=\"_blank\" rel=\"noreferrer noopener\">Baremo sistemas selectivos prazas estabilizaci\u00f3n<\/a><\/td><\/tr><tr><td><a href=\"https:\/\/xuntaptxas.uvigo.gal\/wp-content\/uploads\/2025\/05\/Acordo-pagamento-horas-extras-tras-funcionarizacion_asinado.pdf\" data-type=\"attachment\" data-id=\"116\" target=\"_blank\" rel=\"noreferrer noopener\">Pagamento horas extras tras funcionarizaci\u00f3n<\/a><br><br><a href=\"https:\/\/xuntaptxas.uvigo.gal\/wp-content\/uploads\/2026\/01\/Modificacion_do_Acordo_de_comision_de_servizos_de_data_18_de_marzo_de_2025_signed_signed-1.pdf\" target=\"_blank\" rel=\"noreferrer noopener\">Modificaci\u00f3n do Acordo de comisi\u00f3ns de dservizos<\/a><\/td><\/tr><tr><td><a href=\"https:\/\/xuntaptxas.uvigo.gal\/wp-content\/uploads\/2026\/01\/Acordo_de_Comision_de_Servizos.pdf\" target=\"_blank\" rel=\"noreferrer noopener\">Acordo_de_Comisi\u00f3n_de_Servizos_<\/a><br><br><a href=\"https:\/\/xuntaptxas.uvigo.gal\/wp-content\/uploads\/2025\/05\/Acordo-continuacion-funcions-de-categoria-superior_asinado.pdf\" data-type=\"attachment\" data-id=\"115\" target=\"_blank\" rel=\"noreferrer noopener\">Acordo continuaci\u00f3n funci\u00f3ns de categor\u00eda superior<\/a><\/td><\/tr><tr><td><a href=\"https:\/\/xuntaptxas.uvigo.gal\/wp-content\/uploads\/2025\/05\/ACORDO-aplicacion-ACORDO-Nomeamento-PAS-funcionario-Grupo-Subgrupo-superior_firmado.pdf\" data-type=\"attachment\" data-id=\"113\" target=\"_blank\" rel=\"noreferrer noopener\">Aplicaci\u00f3n do acordo de Nomeamento PAS funcionario Grupo-Subgrupo superior<\/a><\/td><\/tr><tr><td><\/td><\/tr><tr><td><a href=\"https:\/\/xuntaptxas.uvigo.gal\/wp-content\/uploads\/2025\/05\/report_Acordo-provision-temporal-en-rexime-de-promocion-interna_firmado.pdf\" data-type=\"attachment\" data-id=\"111\" target=\"_blank\" rel=\"noreferrer noopener\">Acordo provisi\u00f3n temporal en r\u00e9xime de promoci\u00f3n interna<\/a><\/td><\/tr><tr><td><a href=\"https:\/\/xuntaptxas.uvigo.gal\/wp-content\/uploads\/2025\/05\/Acordo-sobre-execucion-das-convocatorias-2022_firmado.pdf\" data-type=\"attachment\" data-id=\"117\" target=\"_blank\" rel=\"noreferrer noopener\">Acordo sobre execuci\u00f3n das convocatorias 2022<\/a><\/td><\/tr><tr><td><a href=\"https:\/\/xuntaptxas.uvigo.gal\/wp-content\/uploads\/2025\/06\/ACORDO-SOBRE-SELECCION-TEMPORAL.pdf\" target=\"_blank\" rel=\"noreferrer noopener\">Acordo sobre selecci\u00f3n temporal 2009<\/a><\/td><\/tr><tr><td><\/td><\/tr><tr><td><\/td><\/tr><tr><td><\/td><\/tr><tr><td><\/td><\/tr><tr><td><\/td><\/tr><tr><td><\/td><\/tr><tr><td><\/td><\/tr><tr><td><\/td><\/tr><tr><td><\/td><\/tr><tr><td><\/td><\/tr><tr><td><\/td><\/tr><tr><td><\/td><\/tr><tr><td><\/td><\/tr><\/tbody><\/table><\/figure>\n","protected":false},"excerpt":{"rendered":"<p>Acordo de Funcionarizaci\u00f3n Baremo sistemas selectivos prazas estabilizaci\u00f3n Pagamento horas extras tras funcionarizaci\u00f3n Modificaci\u00f3n do Acordo de comisi\u00f3ns de dservizos Acordo_de_Comisi\u00f3n_de_Servizos_ Acordo continuaci\u00f3n funci\u00f3ns de categor\u00eda superior Aplicaci\u00f3n do acordo de Nomeamento PAS funcionario Grupo-Subgrupo superior Acordo provisi\u00f3n temporal en r\u00e9xime de promoci\u00f3n interna Acordo sobre execuci\u00f3n das convocatorias 2022 Acordo sobre selecci\u00f3n temporal 2009<\/p>\n","protected":false},"author":1,"featured_media":0,"parent":0,"menu_order":0,"comment_status":"closed","ping_status":"closed","template":"","meta":{"footnotes":""},"class_list":["post-69","page","type-page","status-publish","hentry"],"_links":{"self":[{"href":"https:\/\/xuntaptxas.uvigo.gal\/index.php?rest_route=\/wp\/v2\/pages\/69","targetHints":{"allow":["GET"]}}],"collection":[{"href":"https:\/\/xuntaptxas.uvigo.gal\/index.php?rest_route=\/wp\/v2\/pages"}],"about":[{"href":"https:\/\/xuntaptxas.uvigo.gal\/index.php?rest_route=\/wp\/v2\/types\/page"}],"author":[{"embeddable":true,"href":"https:\/\/xuntaptxas.uvigo.gal\/index.php?rest_route=\/wp\/v2\/users\/1"}],"replies":[{"embeddable":true,"href":"https:\/\/xuntaptxas.uvigo.gal\/index.php?rest_route=%2Fwp%2Fv2%2Fcomments&post=69"}],"version-history":[{"count":17,"href":"https:\/\/xuntaptxas.uvigo.gal\/index.php?rest_route=\/wp\/v2\/pages\/69\/revisions"}],"predecessor-version":[{"id":322,"href":"https:\/\/xuntaptxas.uvigo.gal\/index.php?rest_route=\/wp\/v2\/pages\/69\/revisions\/322"}],"wp:attachment":[{"href":"https:\/\/xuntaptxas.uvigo.gal\/index.php?rest_route=%2Fwp%2Fv2%2Fmedia&parent=69"}],"curies":[{"name":"wp","href":"https:\/\/api.w.org\/{rel}","templated":true}]}}